92
Calculate the remainder when 709 is divided by 9.
7
Calculate the remainder when 176 is divided by 21.
8
Calculate the remainder when 87 is divided by 18.
15
What is the remainder when 586 is divided by 109?
41
What is the remainder when 384 is divided by 43?
40
What is the remainder when 494 is divided by 85?
69
Calculate the remainder when 664 is divided by 326.
12
Calculate the remainder when 108 is divided by 42.
24
What is the remainder when 3170 is divided by 166?
16
Calculate the remainder when 53 is divided by 14.
11
Calculate the remainder when 1325 is divided by 73.
11
What is the remainder when 5521 is divided by 22?
21
What is the remainder when 740 is divided by 31?
27
What is the remainder when 303 is divided by 45?
33
What is the remainder when 3623 is divided by 51?
2
Calculate the remainder when 440 is divided by 109.
4
Calculate the remainder when 380 is divided by 99.
83
Calculate the remainder when 15 is divided by 8.
7
What is the remainder when 381 is divided by 16?
13
What is the remainder when 12 is divided by 9?
3
What is the remainder when 5167 is divided by 24?
7
What is the remainder when 1401 is divided by 235?
226
Calculate the remainder when 545 is divided by 538.
7
Calculate the remainder when 32 is divided by 3.
2
What is the remainder when 367 is divided by 85?
27
Calculate the remainder when 1763 is divided by 178.
161
What is the remainder when 9088 is divided by 202?
200
Calculate the remainder when 74 is divided by 52.
22
What is the remainder when 699 is divided by 230?
9
What is the remainder when 1206 is divided by 248?
214
What is the remainder when 488 is divided by 412?
76
Calculate the remainder when 181 is divided by 44.
5
Calculate the remainder when 10 is divided by 6.
4
Calculate the remainder when 1918 is divided by 8.
6
What is the remainder when 190 is divided by 49?
43
What is the remainder when 300 is divided by 67?
32
What is the remainder when 478 is divided by 16?
14
What is the remainder when 551 is divided by 7?
5
Calculate the remainder when 289 is divided by 28.
9
Calculate the remainder when 849 is divided by 46.
21
Calculate the remainder when 52 is divided by 14.
10
Calculate the remainder when 415 is divided by 128.
31
What is the remainder when 3701 is divided by 74?
1
What is the remainder when 662 is divided by 214?
20
What is the remainder when 1195 is divided by 171?
169
Calculate the remainder when 9105 is divided by 21.
12
What is the remainder when 1078 is divided by 153?
7
Calculate the remainder when 870 is divided by 13.
12
Calculate the remainder when 1341 is divided by 13.
2
Calculate the remainder when 415 is divided by 64.
31
Calculate the remainder when 1224 is divided by 37.
3
What is the remainder when 7319 is divided by 7313?
6
What is the remainder when 2696 is divided by 19?
17
Calculate the remainder when 212 is divided by 72.
68
Calculate the remainder when 103 is divided by 45.
13
What is the remainder when 159 is divided by 32?
31
What is the remainder when 485 is divided by 14?
9
Calculate the remainder when 695 is divided by 12.
11
What is the remainder when 299 is divided by 12?
11
What is the remainder when 167 is divided by 21?
20
Calculate the remainder when 87 is divided by 72.
15
What is the remainder when 528 is divided by 53?
51
What is the remainder when 3 is divided by 2?
1
Calculate the remainder when 1559 is divided by 20.
19
What is the remainder when 1177 is divided by 62?
61
What is the remainder when 324 is divided by 163?
161
What is the remainder when 202 is divided by 100?
2
What is the remainder when 195 is divided by 111?
84
Calculate the remainder when 134 is divided by 25.
9
What is the remainder when 744 is divided by 21?
9
Calculate the remainder when 193 is divided by 94.
5
Calculate the remainder when 276 is divided by 14.
10
What is the remainder when 18934 is divided by 24?
22
Calculate the remainder when 3618 is divided by 21.
6
What is the remainder when 829 is divided by 5?
4
Calculate the remainder when 2921 is divided by 133.
128
What is the remainder when 95 is divided by 8?
7
Calculate the remainder when 90 is divided by 24.
18
What is the remainder when 104 is divided by 4?
0
What is the remainder when 33 is divided by 29?
4
Calculate the remainder when 8198 is divided by 82.
80
What is the remainder when 3313 is divided by 17?
15
What is the remainder when 20 is divided by 1?
0
Calculate the remainder when 3231 is divided by 16.
15
Calculate the remainder when 426 is divided by 85.
1
What is the remainder when 515 is divided by 120?
35
What is the remainder when 152 is divided by 46?
14
Calculate the remainder when 128 is divided by 46.
36
What is the remainder when 1319 is divided by 22?
21
What is the remainder when 155 is divided by 32?
27
Calculate the remainder when 2674 is divided by 268.
262
What is the remainder when 21 is divided by 5?
1
Calculate the remainder when 2187 is divided by 66.
9
Calculate the remainder when 62 is divided by 13.
10
What is the remainder when 147 is divided by 73?
1
What is the remainder when 48 is divided by 17?
14
What is the remainder when 301 is divided by 49?
7
Calculate the remainder when 1020 is divided by 98.
40
Calculate the remainder when 372 is divided by 22.
20
What is the remainder when 901 is divided by 181?
177
What is the remainder when 1827 is divided by 10?
7
What is the remainder when 4207 is divided by 2100?
7
Calculate the remainder when 6126 is divided by 3061.
4
Calculate the remainder when 3958 is divided by 110.
108
What is the remainder when 457 is divided by 68?
49
What is the remainder when 98 is divided by 60?
38
What is the remainder when 457 is divided by 92?
89
What is the remainder when 840 is divided by 18?
12
Calculate the remainder when 8729 is divided by 6.
5
What is the remainder when 284 is divided by 267?
17
Calculate the remainder when 80 is divided by 55.
25
What is the remainder when 450 is divided by 149?
3
Calculate the remainder when 341 is divided by 8.
5
Calculate the remainder when 221 is divided by 12.
5
What is the remainder when 1715 is divided by 12?
11
What is the remainder when 79 is divided by 30?
19
Calculate the remainder when 157 is divided by 22.
3
Calculate the remainder when 2910 is divided by 182.
180
What is the remainder when 428 is divided by 144?
140
What is the remainder when 1115 is divided by 140?
135
What is the remainder when 27265 is divided by 61?
59
Calculate the remainder when 362 is divided by 13.
11
What is the remainder when 257 is divided by 65?
62
What is the remainder when 526 is divided by 56?
22
Calculate the remainder when 105 is divided by 53.
52
Calculate the remainder when 237 is divided by 48.
45
Calculate the remainder when 305 is divided by 79.
68
What is the remainder when 130 is divided by 11?
9
Calculate the remainder when 834 is divided by 824.
10
What is the remainder when 1751 is divided by 290?
11
What is the remainder when 351 is divided by 53?
33
Calculate the remainder when 885 is divided by 59.
0
What is the remainder when 39 is divided by 31?
8
Calculate the remainder when 207 is divided by 90.
27
What is the remainder when 643 is divided by 213?
4
What is the remainder when 307 is divided by 14?
13
What is the remainder when 49 is divided by 10?
9
Calculate the remainder when 9485 is divided by 1895.
10
What is the remainder when 60 is divided by 40?
20
What is the remainder when 278 is divided by 173?
105
Calculate the remainder when 355 is divided by 45.
40
What is the remainder when 159 is divided by 46?
21
Calculate the remainder when 96 is divided by 18.
6
Calculate the remainder when 655 is divided by 47.
44
What is the remainder when 34 is divided by 7?
6
What is the remainder when 112 is divided by 13?
8
Calculate the remainder when 545 is divided by 61.
57
Calculate the remainder when 30 is divided by 13.
4
What is the remainder when 93 is divided by 28?
9
What is the remainder when 694 is divided by 100?
94
What is the remainder when 11530 is divided by 186?
184
Calculate the remainder when 179 is divided by 20.
19
Calculate the remainder when 424 is divided by 117.
73
Calculate the remainder when 2173 is divided by 34.
31
What is the remainder when 35 is divid